and y.
2
Suppose -44*w = -3*h - 47*w + 333, 2*h + 5*w - 219 = 0. What is the highest common divisor of 12 and h?
4
Let m be (-960)/35 - 12/(-28). Let j be (-4)/(-14) - 1726/14. Let n = m - j. What is the greatest common factor of 12 and n?
12
Let l be 2 + (383/(-2) - (-7)/(-14)). Let o be (-6)/(0 + 2 - l/(-80)). What is the greatest common divisor of o and 32?
16
Suppose 18*b = 464 - 104. What is the greatest common factor of b and 28?
4
Suppose -5*n = -23*n + 1116. What is the highest common factor of n and 682?
62
Let z = 50 - -15. Let w = 13 - 22. Let g be (-240)/w - 6/9. What is the highest common factor of g and z?
13
Let d(y) = 72*y - 3. Let m be d(9). Calculate the highest common factor of m and 43.
43
Suppose 2*d - 26 = -0. Let b(t) = -t**3 + 6*t**2 + 5*t - 11. Let u be b(5). Suppose 0 = q + 2*q - u. What is the greatest common divisor of q and d?
13
Let b = 12 + -7. Suppose b*z - 1132 = -32. Let s be (10/(-4))/((-2)/z). What is the greatest common factor of s and 25?
25
Let a = -6 - -8. Suppose 0*w - 5*w + 320 = 0. Suppose w = 4*b + 5*t, -a = -2*t + 6. Calculate the highest common factor of 88 and b.
11
Let p be 9/6*8/3. Suppose k + p*k + 129 = 3*o, -5*k = 4*o - 137. Calculate the greatest common factor of o and 19.
19
Suppose -5*x + x - 5*m = -304, 2*x - m = 166. Let n(v) = -1 + 7 - 1 + v. Let f be n(4). What is the highest common divisor of f and x?
9
Let l(b) = -b**2 + 11*b + 1. Let o be l(11). Suppose 0*y + 3*f = -2*y - o, -4*y = 3*f - 7. What is the greatest common factor of y and 36?
4
Let d(n) = n**3 - 16*n**2 + 15*n + 5. Let y be d(15). Suppose -b + y*v - 4 = 0, -4*b + 14 = -5*v - 0*v. Calculate the greatest common factor of 9 and b.
3
Suppose -3*x - 3 = -2*x. Let h(b) = -6 + 8 - 8*b - 4. Let v be h(x). What is the highest common factor of 66 and v?
22
Let q = -114 + 157. Calculate the greatest common factor of q and 387.
43
Suppose 2*y - 3*y = -60. Suppose 15*a = 90*a - 1125. Calculate the greatest common factor of y and a.
15
Suppose 4*p = -10 - 26. Let o be (-54)/(-4)*(-66)/p. What is the highest common divisor of 9 and o?
9
Let z(w) = 6*w**2 + 24*w - 18. Let n be z(-7). Calculate the highest common divisor of 60 and n.
12
Suppose 17 - 5 = -3*s, 5514 = 5*w - s. Calculate the highest common factor of 58 and w.
58
Let p(n) = -2*n**3 - 6*n**2 + 8*n + 4. Let r be p(-5). Calculate the greatest common divisor of r and 12.
4
Let f = -23 + 18. Let y be 460/45 + 4/(-18). Let b = f + y. Calculate the greatest common divisor of 2 and b.
1
Let a = 17 + 3. Suppose -5*s - 2 = 2*c + c, 5*s + 2*c = 2. Suppose 4*p + 2*o - 28 = 0, s*o - 25 = -3*p - 5. Calculate the greatest common divisor of p and a.
4
Suppose -52 = -3*b - 31. Suppose 270 = 5*k + 2*m, 3*m + 270 = b*k - 2*k. What is the greatest common factor of k and 6?
6
Let m = -90 + 110. What is the greatest common factor of 100 and m?
20
Suppose 4*g = 3*m - 52, 39 = 4*m - 5*g - 29. Suppose m*f + 5 = 17. Calculate the greatest common divisor of f and 13.
1
Suppose -2*c + 6 = -2*d, -5*d + 3 = -4*c + 14. Suppose 3*g + 2*g - 15 = 0. Suppose -g*m + 44 = m. What is the highest common factor of m and d?
1
Let x(v) = v**3 + 9*v**2 - 12*v - 16. Let r be x(-11). Let b = r - -134. Calculate the highest common factor of 20 and b.
4
Suppose -5*k = -3*n - 1485, 2*k - n = -2*n + 583. Calculate the greatest common divisor of k and 392.
98
Suppose 5*y - 31 = -2*z, 4*z + 0*z = 12. Suppose -46 = -y*w + 14. Let t(b) = 2*b**2 + 11*b + 23. Let x be t(-3). What is the highest common factor of w and x?
4
Let a(h) = -h - 5. Let s be a(-13). Let d(v) = -v + 2. Let x be d(-6). What is the greatest common divisor of s and x?
8
Let p = 0 - 0. Suppose 11*v = -28 - 5. Let r = p - v. What is the highest common divisor of 3 and r?
3
Let v be (-253)/(-4) + 5/(-4*5). Suppose 4*a = -3*a + v. What is the greatest common factor of a and 9?
9
Suppose 5*j - 2*j = 6. Suppose j*v - 70 = 4*i, 3*i - 15 = -v - 0*v. Calculate the greatest common factor of v and 3.
3
Suppose 4*l + 48 = 6*l. Suppose l = 4*q - 32. Let h be (0 - 0) + q - -4. Calculate the highest common factor of 9 and h.
9
Let v = -199 + 339. Calculate the highest common divisor of 28 and v.
28
Let m = -17 + 59. Let n be -1*1 + m/(-7). Let x = 6 - n. Calculate the highest common divisor of x and 26.
13
Suppose 5*p = -0*p - 20. Let d = 28 + p. Let g be 1/6 + 788/d. Calculate the highest common factor of g and 11.
11
Let t = 8 - 11. Let y be ((-1)/(-2))/(t/(-24)). Let r = -3887 - -3895. What is the highest common divisor of r and y?
4
Let g be 1*1*(5 - 2). Let f = g + -2. Let b be 51 + 2*f/(-2). Calculate the greatest common factor of b and 10.
10
Suppose 11*z - 418 = 4873. What is the greatest common divisor of z and 37?
37
Suppose -5*j + 2*i = -835, -340 = -2*j + i + i. Suppose 0 = 6*u - 4*u. Suppose u = -6*a - 0*a + 90. Calculate the highest common factor of a and j.
15
Let y(o) = o**2 + 91. Suppose -7 = 8*i - 7. Let b be y(i). What is the greatest common divisor of 13 and b?
13
Let k(h) = -h**3 - 34*h**2 + 59. Let w be k(-34). What is the highest common divisor of w and 413?
59
Let p(r) = -r**2 + 5*r - 3. Let u be p(4). Let y = u + 4. Suppose 0 = -4*i + 86 + 134. What is the greatest common factor of i and y?
5
Let v(o) = 53*o - 15. Let r be v(2). Suppose 0*z - 4*z = 0. Suppose g - 1 = -z, 54 = 4*s + 2*g. What is the greatest common divisor of r and s?
13
Let g(c) = -5*c**2 - c - 1. Let x be g(-1). Let v = x - -96. Calculate the highest common factor of v and 13.
13
Suppose -3*s - 5*q + 265 = 0, 89 = 4*s + 4*q - 251. Calculate the greatest common factor of 112 and s.
16
Suppose -2*v - 4*g - 68 = -0*g, 5*g = 3*v + 124. Let l = v - -54. Suppose l + 164 = 3*u. What is the greatest common divisor of u and 24?
12
Let v be (-2874)/(-30) + 5/25. What is the highest common divisor of 96 and v?
96
Suppose 0 = 87*m - 77*m - 1260. What is the greatest common factor of m and 98?
14
Let t be 6641/116 - (-1 + (-5)/(-4)). Calculate the greatest common factor of t and 3.
3
Suppose -2*y = 2*y - 5*t - 11, -4*y + 15 = -t. Suppose 14*f - 52 - y = 0. Calculate the highest common factor of 2 and f.
2
Let p = 404 - 400. Calculate the greatest common factor of p and 68.
4
Suppose 0 = -7*z + 121 + 47. Suppose -4*q + 386 = -0*b - b, -284 = -3*q - 2*b. What is the greatest common factor of q and z?
24
Suppose -18 - 18 = -3*i. Let o = i - 20. Let n be (-6)/(-24) - 430/o. Calculate the highest common factor of n and 6.
6
Suppose 84 = -5*t + 2*f, 2*t - f - 16 = -49. Let i(n) = -n**3 - 17*n**2 + 12*n + 12. Let m be i(t). Calculate the highest common divisor of m and 24.
24
Let w(c) = 6*c**2 - 20*c - 96. Let o be w(-5). Calculate the highest common factor of o and 77.
77
Let s be ((-5)/(-2))/(2/52). Let m = 106 + -44. Suppose 0 = 3*v - t - 36, -5*v + 2*t + m = t. Calculate the highest common divisor of v and s.
13
Let l(h) = -h. Let s(k) = 11*k + 7. Let f(b) = 3*l(b) - s(b). Let x be f(-5). Suppose -5*a + 56 = -49. What is the greatest common divisor of x and a?
21
Suppose -3*p = 5*n - 452, 58 = 5*p - 3*n - 718. What is the highest common divisor of p and 42?
14
Let x(r) = 29*r**2 - 10*r + 26. Let t be x(4). What is the greatest common factor of 60 and t?
30
Let s be 4300/70 + 3/(-7). Let d = s - 60. Calculate the greatest common factor of 5 and d.
1
Suppose -6*b = -10*b + 320. Calculate the greatest common divisor of 20 and b.
20
Let i(h) = h - 13. Suppose u + 26 = 3*u. Let a be i(u). Suppose -k + 6*k - 300 = a. What is the highest common divisor of k and 40?
20
Let b be (3 - 44/12)*15/(-2). Suppose 5*j - 53 - 67 = -3*x, -x = 5*j - 30. What is the greatest common divisor of b and x?
5
Let o = -360 + 438. Suppose 52 = 6*c - 2*c. Calculate the highest common divisor of o and c.
13
Suppose 8*y - 182 - 42 = 0. Calculate the greatest common divisor of y and 16.
4
Let c = 1 + -1. Suppose -v - v + 8 = c. Suppose 4*n = 2*t + 40, -n + 14 - 4 = -t. Calculate the greatest common divisor of v and n.
2
Let x(q) = 2*q**2 - 12*q - 9. Let b be x(7). Suppose -576 = -b*d + d. Let v be 2/((-4)/(-34)) + 1. What is the greatest common divisor of d and v?
18
Let i = 251 - 230. Calculate the highest common divisor of 245 and i.
7
Let m be 533 + 4/2*24/(-48). Calculate the greatest common divisor of 190 and m.
38
Le